
In base 6, what is 1343 - 4?
1335
In base 15, what is 0 - e5?
-e5
In base 7, what is -20 + -6?
-26
In base 11, what is -29 + 11?
-18
In base 16, what is 40 + 7?
47
In base 6, what is 202 - -5?
211
In base 4, what is -31211 - -3?
-31202
In base 8, what is 4 + 2175?
2201
In base 8, what is 0 + 4?
4
In base 15, what is 3 + 725?
728
In base 5, what is 3 + 30?
33
In base 4, what is 330 - 313?
11
In base 6, what is 154 + 2?
200
In base 16, what is f - 35?
-26
In base 6, what is -10025 + 12?
-10013
In base 3, what is 1112 - -1012?
2201
In base 4, what is -12 + 31332?
31320
In base 3, what is -2101 - 10?
-2111
In base 11, what is -265 + 26?
-23a
In base 11, what is 14 - 0?
14
In base 3, what is -2000 - -1220?
-10
In base 14, what is a46 - -1?
a47
In base 4, what is 31 + 201?
232
In base 5, what is 12 + -134?
-122
In base 3, what is 10201 + 2?
10210
In base 3, what is 12 - -22121?
22210
In base 11, what is -26302 + 4?
-262a9
In base 7, what is 4 + 414?
421
In base 8, what is -16 + -12?
-30
In base 8, what is 0 - 6?
-6
In base 8, what is -4 - 120?
-124
In base 12, what is -1 + a?
9
In base 4, what is -12 - -10021?
10003
In base 12, what is -2 + -3885?
-3887
In base 9, what is 2 + 57?
60
In base 9, what is 8876 - -2?
8878
In base 15, what is 215 - 2?
213
In base 4, what is 121 - 21?
100
In base 6, what is 10531 + 3?
10534
In base 16, what is a - 5a?
-50
In base 15, what is 0 + 5?
5
In base 13, what is 7 + -3?
4
In base 3, what is -100 + 22111?
22011
In base 13, what is 4 - -197?
19b
In base 9, what is 350 - -3?
353
In base 13, what is -3 + 204?
201
In base 4, what is 20113 + -2?
20111
In base 3, what is 0 + 1122?
1122
In base 9, what is -387 + 2?
-385
In base 7, what is 104 - -3?
110
In base 10, what is -154 - 3?
-157
In base 7, what is -2 - 245?
-250
In base 7, what is 2 + 133?
135
In base 3, what is 1 - -10100021?
10100022
In base 13, what is 4 + -b8?
-b4
In base 12, what is -3 + -38?
-3b
In base 12, what is -35 + 18?
-19
In base 14, what is 157 - 1d?
138
In base 13, what is -4 + -1?
-5
In base 3, what is 202 + -110?
22
In base 9, what is 4 - 15?
-11
In base 8, what is -172 + -1?
-173
In base 4, what is 12 - 32?
-20
In base 15, what is 93 + 41?
d4
In base 13, what is -2 + -2b5?
-2b7
In base 15, what is 14e + -4?
14a
In base 11, what is a336 + 3?
a339
In base 5, what is 4 + -4141?
-4132
In base 15, what is d - 359?
-34b
In base 4, what is 101013 + 0?
101013
In base 13, what is -12a + -1?
-12b
In base 5, what is 2424 + 2?
2431
In base 11, what is 6 - 171?
-166
In base 6, what is 5 - -252?
301
In base 3, what is -1200121 - 11?
-1200202
In base 10, what is 11 - -15?
26
In base 15, what is -82 - -c4?
42
In base 10, what is 2 - -329?
331
In base 8, what is 2024 - 0?
2024
In base 10, what is -2 - -97?
95
In base 9, what is 81 - 3?
77
In base 5, what is 104 + -20?
34
In base 6, what is -540 + 5?
-531
In base 2, what is 1010010011 - 100?
1010001111
In base 15, what is 2 - -144?
146
In base 5, what is 14 + 11?
30
In base 7, what is 2 - -103?
105
In base 13, what is 123 - 2?
121
In base 5, what is 0 + -310?
-310
In base 12, what is 76a9 - 4?
76a5
In base 7, what is 41 + -2?
36
In base 3, what is -1120002 + -200?
-1120202
In base 9, what is 22 - -11?
33
In base 9, what is 1 - -610?
611
In base 7, what is -4 - 534?
-541
In base 10, what is 4619 + -1?
4618
In base 8, what is -3 - 675?
-700
In base 8, what is -35 - -2?
-33
In base 7, what is 1 + 153?
154
In base 9, what is 366 - -5?
372
In base 12, what is 1 + 1704?
1705
In base 2, what is 1000 + 1100100?
1101100
In base 8, what is -161 + 22?
-137
In base 2, what is -101111 - 1110?
-111101
In base 13, what is 7 + -a?
-3
In base 16, what is -21f2 + 5?
-21ed
In base 6, what is 2234 + 0?
2234
In base 10, what is 2 - -5003?
5005
In base 8, what is 5 - 4243?
-4236
In base 7, what is 21236 - 1?
21235
In base 11, what is -2 - -1465?
1463
In base 16, what is -68d + 3?
-68a
In base 3, what is 11001110 - 1?
11001102
In base 5, what is -1223 - -3?
-1220
In base 15, what is 3 - 13?
-10
In base 6, what is 235 - -4?
243
In base 10, what is 4 + -54?
-50
In base 13, what is 0 - 26?
-26
In base 9, what is 72 - -3?
75
In base 12, what is 4 - -1b?
23
In base 5, what is -1023 - -3?
-1020
In base 10, what is 21 + 79?
100
In base 2, what is -110100 - -10?
-110010
In base 7, what is -26 + 56?
30
In base 10, what is -145 + 5?
-140
In base 12, what is -60a - -5?
-605
In base 11, what is 62 + 5?
67
In base 2, what is 11 - 1001011?
-1001000
In base 10, what is 210 + 2?
212
In base 5, what is 12 + -3030?
-3013
In base 8, what is -243 + 6?
-235
In base 11, what is -3 + 79?
76
In base 13, what is 10 + -7?
6
In base 4, what is -3 + -223?
-232
In base 5, what is 14 - -4440?
10004
In base 3, what is -1 - -220220?
220212
In base 11, what is 3a + -2?
38
In base 9, what is -20 - -1644?
1624
In base 12, what is 3 - -131?
134
In base 10, what is 0 + 85?
85
In base 7, what is -652 - 5?
-660
In base 9, what is 1635 + 15?
1651
In base 16, what is -6b2 - -2?
-6b0
In base 5, what is 1001 - -2?
1003
In base 9, what is -1360 + -4?
-1364
In base 2, what is 1010011000 - -11?
1010011011
In base 14, what is -5 + -138?
-13d
In base 4, what is -110 - 22?
-132
In base 15, what is 123 - 0?
123
In base 6, what is 13 - 11024?
-11011
In base 13, what is -1 + 1c62?
1c61
In base 6, what is -1 + 101?
100
In base 7, what is 0 - 112?
-112
In base 2, what is 1 + -100110?
-100101
In base 9, what is -13 + -57?
-71
In base 16, what is -9 - -d3?
ca
In base 14, what is -19 + -27?
-42
In base 9, what is 62 + -2?
60
In base 7, what is 54404 - -2?
54406
In base 3, what is 112020 + -20?
112000
In base 13, what is -6a + -67?
-104
In base 15, what is 2 - 16?
-14
In base 15, what is 31 + -22?
e
In base 14, what is -71 + 1?
-70
In base 2, what is -11 - 1010011010?
-1010011101
In base 6, what is -144 - 10?
-154
In base 4, what is -12 + -23?
-101
In base 14, what is 2a3 - -1?
2a4
In base 5, what is 42 + 123?
220
In base 5, what is -11442 + -4?
-12001
In base 16, what is -10 - -2a3?
293
In base 11, what is -40 + 9?
-32
In base 9, what is -25 - -13?
-12
In base 5, what is 1 - -132?
133
In base 12, what is 29 - 0?
29
In base 16, what is 769 - -3?
76c
In base 7, what is 3 + 41?
44
In base 3, what is 1 + -112200?
-112122
In base 8, what is 223 + 1?
224
In base 12, what is 1 + -2b?
-2a
In base 12, what is 406 + -1?
405
In base 11, what is -231 + 58?
-184
In base 2, what is -10100 - 0?
-10100
In base 6, what is 0 + -542?
-542
In base 14, what is 3 - -2a?
2d
In base 5, what is -112 + -112?
-224
In base 9, what is -240 - 111?
-351
In base 7, what is 5 + -5414?
-5406
In base 6, what is -10 + 13040?
13030
In base 6, what is -452 + 0?
-452
In base 16, what is -86 - 7?
-8d
In base 9, what is -430 + -5?
-435
In base 8, what is -3063 - 2?
-3065
In base 7, what is 1 - 1003?
-1002
In base 7, what is 0 + 10406?
10406
In base 6, what is 104 + -132?
-24
In base 11, what is 5 - 117?
-112
In base 16, what is 4 - 34?
-30
In base 4, what is 2302 + 1?
2303
In base 6, what is -5301 - -5?
-5252
In base 15, what is 1e3 - 1?
1e2
In base 15, what is 3a8 - -2?
3aa
In base 9, what is 150 - 0?
150
In base 13, what is 555 - -1?
556
In base 6, what is -1104 - -3?
-1101
In base 6, what is 1 + 433?
434
In base 7, what is -124 + -5?
-132
In base 13, what is 3 - 422?
-41c
In base 8, what is -3146 + -2?
-3150
In base 14, what is 3 - 199?
-196
In base 10, what is 393 + 2?
395
In base 16, what is -4 - 13?
-17
In base 11, what is 2254 + -1?
2253
In base 9, what is -7 + 1215?
1207
In base 14, what is -1 + -b4?
-b5
In base 5, what is 2 - -110?
112
In base 12, what is 8 - -39?
45
In base 2, what is -10010 - 101000111?
-101011001
In base 16, what is -9 - -b4?
ab
In base 6, what is -3 - -1523?
1520
In base 9, what is -524 + 5?
-518
In base 13, what is -33 - -3?
-30
In base 2, what is 0 - 10010001?
-10010001
In base 10, what is -8668 - 0?
-8668
In base 12, what is -57 + 4?
-53
In base 10, what is 4 + -127?
-123
In base 16, what is 3a35 - 4?
3a31
In base 16, what is -1 + 29?
28
In base 6, what is -2302 - -11?
-2251
In base 7, what is -14 - -1225?
1211
In base 9, what is -61 - 103?
-164
In base 16, what is -63 + 4?
-5f
In base 13, what is -15 - 1?
-16
In base 13, what is 15 + 21?
36
In base 15, what is -12 - -1b?
9
In base 2, what is 10